0848707 composite?
False
Is 31349137 composite?
True
Is 97031148055 a prime number?
False
Is 6279278279 composite?
True
Is 745733329 a composite number?
True
Is 3858804707 composite?
False
Is 1656421867 a prime number?
False
Is 421374721 prime?
True
Is 1400254599 a prime number?
False
Is 394390033 a composite number?
False
Is 6829451374 composite?
True
Is 3345770209 prime?
False
Is 7396975969 a composite number?
False
Is 1253922427 prime?
True
Is 7336022261 a composite number?
False
Is 9070461535 prime?
False
Is 55140538877 composite?
False
Is 4100662873 prime?
True
Is 11675649803 prime?
True
Is 2079014909 composite?
False
Is 1164309881 composite?
True
Is 544969877 composite?
True
Is 99430607 composite?
False
Is 135275557 composite?
True
Is 2935297817 a composite number?
False
Is 83441612927 composite?
True
Is 472466311 composite?
True
Is 33656147463 prime?
False
Is 322851457 a prime number?
True
Is 133424261461 a prime number?
False
Is 37187607763 a composite number?
True
Is 220943561 composite?
False
Is 404470631 composite?
True
Is 741172283 prime?
False
Is 68494848187 prime?
False
Is 26286855919 a prime number?
True
Is 41913255341 prime?
True
Is 29641879829 a prime number?
True
Is 262797248113 a prime number?
False
Is 19386276089 prime?
False
Is 71241479 a composite number?
False
Is 586153231 a prime number?
True
Is 25158044911 a prime number?
False
Is 3399764801 prime?
False
Is 22251797 a prime number?
False
Is 18071751407 a composite number?
False
Is 428994341 a prime number?
False
Is 732359 a prime number?
False
Is 2290422619 composite?
False
Is 577937022709 prime?
True
Is 14314030833 a composite number?
True
Is 34702643263 composite?
False
Is 19979703589 a composite number?
True
Is 4651556551 prime?
False
Is 10104868219 prime?
True
Is 5285435973 composite?
True
Is 390222083 composite?
True
Is 112502820193 prime?
True
Is 59767385891 a composite number?
True
Is 13725039677 a prime number?
False
Is 14978855069 composite?
False
Is 62839302655 composite?
True
Is 4762300903 composite?
True
Is 554229017 a prime number?
False
Is 271451599 prime?
True
Is 1375891235 composite?
True
Is 32171576137 prime?
True
Is 897895451 a composite number?
True
Is 107268407357 composite?
False
Is 1034516533 a prime number?
True
Is 93578578609 composite?
True
Is 2872274429 a prime number?
False
Is 3058391173 a composite number?
False
Is 16674393986 a prime number?
False
Is 8770783481 a prime number?
False
Is 8794593383 a composite number?
False
Is 2020836089 a prime number?
True
Is 57009163 a composite number?
True
Is 19202215553 a prime number?
True
Is 103129067 a composite number?
False
Is 2467536089 composite?
False
Is 38211486829 composite?
False
Is 7952966929 composite?
True
Is 13627194843 prime?
False
Is 51923450459 a prime number?
True
Is 2437823701 a composite number?
False
Is 1225289951 a composite number?
False
Is 982998323 a prime number?
True
Is 24316782853 composite?
True
Is 66819264571 prime?
True
Is 38496971399 prime?
True
Is 551746501 composite?
True
Is 25931165329 composite?
False
Is 56126622131 composite?
False
Is 513001037 composite?
True
Is 17075238613 a composite number?
True
Is 1425729439 prime?
True
Is 3638266523 composite?
True
Is 35435687581 a composite number?
True
Is 217596083503 prime?
False
Is 310275613 a composite number?
True
Is 57070426043 prime?
True
Is 2933264003 composite?
True
Is 1158564041 a composite number?
False
Is 8022044221 composite?
False
Is 17349430429 composite?
True
Is 20017453622 a composite number?
True
Is 21396073967 a prime number?
False
Is 12850089563 composite?
False
Is 2090877077 composite?
True
Is 45367532605 composite?
True
Is 9681196627 prime?
False
Is 26494991 a prime number?
True
Is 164543257247 composite?
True
Is 1281183377 a prime number?
True
Is 11337058441 prime?
False
Is 52763887013 composite?
True
Is 112079573 prime?
True
Is 34901393257 composite?
True
Is 31578696311 composite?
True
Is 8919501689 a composite number?
True
Is 21330963617 prime?
True
Is 12031227629 a composite number?
True
Is 272216657 a prime number?
False
Is 484802173 a composite number?
False
Is 51951477527 prime?
True
Is 1538178121 composite?
True
Is 1262878291 a prime number?
True
Is 36850105805 prime?
False
Is 9097996307 prime?
True
Is 74746613 a prime number?
False
Is 3159006926 a composite number?
True
Is 11385611911 composite?
False
Is 81263123 composite?
False
Is 2635109501 prime?
False
Is 11889462751 a composite number?
False
Is 25407416687 composite?
True
Is 38266344533 composite?
True
Is 7430674633 composite?
True
Is 1179074297 a composite number?
True
Is 37386595357 a composite number?
False
Is 4069188961 a prime number?
True
Is 13308272597 composite?
True
Is 762664745 a composite number?
True
Is 10730370197 a prime number?
False
Is 715100251 composite?
False
Is 963080087 composite?
False
Is 4209608197 prime?
True
Is 2643998809 a prime number?
False
Is 7498227329 a prime number?
True
Is 6551557283 composite?
False
Is 3072878491 composite?
True
Is 2130400131 prime?
False
Is 25877993131 a composite number?
True
Is 1694035009 composite?
True
Is 198092608201 a prime number?
True
Is 5424237671 a composite number?
True
Is 29901005 a prime number?
False
Is 1114187929 a composite number?
False
Is 53525270489 a composite number?
False
Is 771962687 a prime number?
False
Is 1116941723 a composite number?
True
Is 157279141 a prime number?
False
Is 33976802467 a composite number?
True
Is 12330173617 a prime number?
True
Is 902548709 a composite number?
False
Is 11196506813 a prime number?
False
Is 676302259 composite?
True
Is 54624018121 prime?
False
Is 32472313009 prime?
True
Is 67590094769 a composite number?
False
Is 646784291 a prime number?
False
Is 19266799753 a prime number?
True
Is 554544593 a composite number?
False
Is 147831139087 a composite number?
False
Is 39476916173 composite?
True
Is 4063050289 prime?
True
Is 1031018369 composite?
False
Is 32540047537 composite?
True
Is 147699823 composite?
False
Is 281007273233 prime?
False
Is 59140584557 a prime number?
False
Is 431678113 a composite number?
False
Is 3148800373 composite?
True
Is 72443287 composite?
True
Is 68290952879 a prime number?
False
Is 767049319 a composite number?
True
Is 52019345813 prime?
True
Is 12191124229 composite?
False
Is 6304748249 a composite number?
True
Is 6938517763 prime?
False
Is 6206105239 a prime number?
True
Is 4574256733 prime?
False
Is 69740161721 composite?
False
Is 45778803427 composite?
True
Is 1359809747 a composite number?
True
Is 13749128927 a composite number?
True
Is 149244967 composite?
False
Is 179279335 prime?
False
Is 7606613869 composite?
True
Is 248862073 a prime number?
True
Is 2801055617 composite?
True
Is 696081391 prime?
True
Is 2756768549 prime?
False
Is 613457549 a composite number?
False
Is 145749953 a composite number?
False
Is 784708597 a prime number?
True
Is 482637739 composite?
True
Is 82856978185 a composite number?
True
Is 78122616779 composite?
True
Is 13174898377 a composite number?
True
Is 26463146597 a composite number?
False
Is 366043277 a composite number?
True
Is 3139964059 prime?
True
Is 76416533411 a prime number?
False
Is 1307771435 a prime number?
False
Is 12519373043 a prime number?
True
Is 3672721709 a composite number?
False
Is 1535188097 prime?
True
Is 27855534251 a composite number?
True
Is 43033919519 composite?
False
Is 1214296067 a composite number?
True
Is 33597387679 a composite number?
False
Is 307213897 composite?
True
Is 977827987 a composite number?
True
Is 12846221633 a prime number?
False
Is 45080389 composite?
True
Is 6305431519 composite?
True
Is 1733922403 composite?
False
Is 2584780127 prime?
False
Is 4695991 composite?
False
Is 24689204677 composite?
True
Is 16464797501 composite?
True
Is 10494448597 prime?
True
Is 2452149463 composite?
True
Is 876290971 a prime number?
True
Is 45027127559 composite?
True
Is 2894279603 a composite number?
False
Is 1772709223 composite?
False
Is 9708024743 a composite number?
True
Is 147106207 a composite number?
True
Is 717914299 composite?
True
Is 6022738543 composite?
False
Is 611563219 prime?
False
Is 1544374655 composite?
True
Is 158394887719 prime?
False
Is 2821834813 a prime number?
False
Is 1782585773 a prime number?
False
Is 52681860